).
-5
What is the value of (-5 - (0 + -4)) + 1?
0
What is -5 - (-6 - 2) - (1 + 1)?
1
What is -2 - (-3 + -2 + -3)?
6
Evaluate 0 + -5 + -1 + 0 - -1.
-5
What is the value of 3 + -7 - (2 - 3)?
-3
What is the value of 0 + (1 - -2) - 0?
3
-1 + -6 + 11 + -9
-5
What is -10 - (-7 + 4 + (-1 - 1))?
-5
Evaluate 8 - -1 - (1 + 5).
3
0 - (-3 + -6 + 5 - -1)
3
Evaluate -2 - (-1 + 0) - -4.
3
Calculate 1 + -11 + 7 + -2.
-5
-3 + 0 + (3 - (-4 + 5))
-1
Evaluate -19 + 22 - (5 + 0).
-2
Evaluate 8 - (0 - 6 - -14).
0
What is the value of -11 + 9 + 11 + 1?
10
-7 + 0 + (-4 - -8)
-3
What is 0 + -4 + 9 + -2 + 0?
3
What is -10 + 5 - (2 + (-13 - -3))?
3
Evaluate (5 - 0) + 33 + -46.
-8
4 + (-5 - (4 + 0))
-5
4 - (-2 - -2) - (2 + 6)
-4
Evaluate 3 + 19 - 21 - (-1 - -3).
-1
What is 3 + (0 - 10) + 6?
-1
What is 2 + -5 + (7 - 8)?
-4
Evaluate -11 + 5 - (-8 + 9).
-7
Evaluate (3 - -2) + (17 - 20).
2
4 - (7 + -6) - 4 - 1
-2
What is the value of -3 - (-3 - -7 - -9) - -9?
-7
4 + -5 + -1 + 1 + -4
-5
-1 - ((-1 - 0 - 1) + 4)
-3
Calculate -1 - (-1 + 0 + 14 + -18).
4
Evaluate -2 + -4 + 2 - (13 - 11).
-6
What is -4 + (-1 - 0) - -7 - 8?
-6
What is 0 + -3 + 26 + 17 + -33?
7
What is the value of -8 + -8 + -1 + 12?
-5
Evaluate -1 + (-1 - 0 - -5) + 1.
4
What is the value of (-21 - -25) + (-7 - (1 - 2))?
-2
Evaluate -8 - (-18 + 8) - 7.
-5
What is 0 - (-3 + 7 + -6)?
2
What is (-9 - -10) + 7 - (-1 + 4)?
5
What is the value of 7 + -4 - 9 - -6?
0
Evaluate -11 - -4 - (-22 - -22).
-7
What is 3 + -5 + 18 + -10?
6
Evaluate 4 + -1 + 0 - (-19 - -27).
-5
3 + 1 - (30 + -26)
0
2 + (-21 - -9) + 1
-9
6 + -14 + (20 - 2)
10
Evaluate (-4 - (-10 - (-1 + -5))) + -3.
-3
What is the value of -1 - ((-3 - (1 - 5)) + 1)?
-3
What is the value of -1 + 10 - (19 + -6)?
-4
What is the value of -2 + (0 - 4) + 5?
-1
Evaluate 2 + 2 + 2 - 12.
-6
What is the value of -1 + -1 + 6 + -5?
-1
-1 + 6 - (3 - -5)
-3
What is 0 + -10 + (11 - (13 + -6))?
-6
Calculate -2 + 1 + (-2 - -2) + 2.
1
Evaluate -4 + 2 + (-1 - -9).
6
0 + 7 + (13 - 26) + 2
-4
Calculate -1 + 1 + -4 + (11 - 3).
4
Calculate -3 - (1 - 2 - (-2 - -1)).
-3
What is (1 - 7) + -20 + 26?
0
What is -12 + 12 + (9 - (6 - 4))?
7
Evaluate -4 + 1 + 3 + -4 + 10.
6
Calculate (-1 + 5 - 1) + -2.
1
What is the value of 3 + 0 + (-2 + 0 - 2)?
-1
What is the value of 10 + -4 - (-2 - 4) - 8?
4
What is the value of 1 + (-2 - -5) + 5 + -7?
2
Evaluate (12 - -5 - 5) + -4 + 0.
8
Calculate (1 + -1 - -4 - 6) + -3.
-5
8 - 11 - (-1 - -4)
-6
-3 - (-3 + (4 - -1) + -10)
5
What is the value of (-7 - -1) + 11 + -4?
1
10 + (8 + -8 - 8)
2
Evaluate -9 + 4 - (0 - 2).
-3
31 - 31 - (-1 - 4)
5
Evaluate -2 - 3 - (37 + -46).
4
What is -3 - ((-2 - 0) + -3)?
2
94 - 92 - (7 - 1 - 1)
-3
What is the value of -4 + (-2 - -5) - (-2 + 1)?
0
-5 - 0 - (-7 + 3 + -8)
7
What is the value of -155 - -151 - (-11 + -1 + -1)?
9
What is -15 + -9 + 19 + -2?
-7
Evaluate (4 - (1 + 3)) + -2 + 2.
0
What is (1 + -8 - -3) + (8 - -1)?
5
What is the value of 1 - (-3 + 4 + -8 + 7)?
1
1 + (-7 - -9 - -7)
10
What is (3 - -1) + (-1 - (-3 + 5))?
1
Evaluate -9 + 9 + 2 + 6.
8
Evaluate -12 - -9 - (-2 + (-1 - -1)).
-1
Calculate -2 + 5 + (0 - -1).
4
What is (0 + 1 - 0) + (-43 - -47)?
5
What is the value of -3 + (-11 - -13) - -4?
3
What is (7 + -4 + 0 - 8) + 0?
-5
What is the value of -11 - (0 + -4) - -3?
-4
Evaluate -4 + (-3 - -3) + -1.
-5
What is the value of (-2 - 1) + 0 + 7 + -4?
0
Calculate (-5 - -4) + 0 + 2 + 1.
2
Evaluate 9 + -2 + -2 + -7.
-2
What is 5 - 6 - (-4 + 1 + -2)?
4
Calculate 3 + -7 - (-10 + (8 - 1)).
-1
(4 - -3) + 0 + (6 - 22)
-9
Calculate (-6 - 3 - 1) + 4.
-6
5 + 6 - 14 - 3
-6
Evaluate 7 + (9 - 18) + -2.
-4
What is 9 - -2 - (1 + 8)?
2
Calculate 7 - (1 + 3 + -1).
4
(4 - 5 - -3) + 2
4
-1 - (5 + -14 - -4) - -3
7
Calculate (3 - -2) + -3 + -1.
1
Calculate 7 + 0 - (0 + -3 - -6).
4
What is the value of 0 + -1 + 5 + (-4 - 1)?
-1
What is (-45 - -45 - (8 - -1)) + 8?
-1
Evaluate -6 + 17 + -1 + -6.
4
-4 - (-2 + 7 + -9)
0
What is -1 - (-5 - (9 - 15))?
-2
What is -1 + (-2 - -3) - 0?
0
What is (6 - 1) + (-5 - 6)?
-6
Calculate 0 + 13 + (50 - 73).
-10
What is the value of (0 - -12 - (50 + -45)) + -4?
3
Calculate 6 - (-1 + 2) - (333 + -335).
7
What is the value of 1 + (-5 + 1 - -3)?
0
What is the value of -1 - (-2 + 5 + -10)?
6
What is (-4 - (2 + -5 - 1)) + -2?
-2
What is 3 - ((3 - -1) + -3 + 1)?
1
What is the value of 3 - (3 - (-5 - -7))?
2
Calculate 1 - (-4 - -1 - -5).
-1
What is -25 + 27 - (1 + -5 - -2)?
4
-7 + -1 + 1 + (-2 - -5)
-4
(0 - (-1 - -2)) + 14 + -13
0
What is -7 + 11 - -1 - 7?
-2
What is the value of (-4 - (-3 - 0)) + 3?
2
-7 + (5 - (-9 - -1))
6
-1 + 0 - (-10 + 3) - -4
10
Evaluate -6 - (-8 + 4 + -5).
3
What is the value of (1 - -3) + -6 + -2?
-4
What is the value of (6 - 3) + 1 - (-5 - -5)?
4
What is 0 - ((-7 - -6) + -1)?
2
Evaluate (-2 - -4) + -4 + 2.
0
What is the value of (7 - 8 - 3) + 5?
1
What is the value of 7 + (0 + -3 - -8) + -9?
3
Calculate -41 + 38 - (0 - -1).
-4
Evaluate -2 + 0 - (-17 + 12).
3
-3 + (2 - 0 - 3) + 8
4
Evaluate (-4 - 0 - -4) + 2.
2
What is the value of -3 + -1 + -1 + 2 + 2?
-1
Calculate -1 - (4 + 1 + -5 + 5).
-6
Calculate -6 + 11 + (-3 - 3).
-1
What is -91 + 102 + (-10 - 1)?
0
Calculate -4 + (1 - 2) - 3.
-8
1 + 2 + (-4 - -1)
0
-4 + (2 - 0) - -8
6
Evaluate 4 + -9 + 1 + -1.
-5
What is the value of -1 + -4 + (-15 - -19)?
-1
What is -5 - 0 - ((-2 - -4) + -4)?
-3
(5 + (-3 - -4) - -3) + -4
5
What is 5 + -3 - (6 - -1)?
-5
What is -2 - (-5 + 15 + -21)?
9
Calculate -1 + -8 + 2 + 9.
2
Calculate 5 - (2 - -8) - 1.
-6
Calculate (1 + -4 - -9) + (-1 - 0).
5
Evaluate 5 + (-6 - (-8 - (-3 + 3))).
7
Evaluate -8 - ((-11 - 0) + 3).
0
What is the value of 3 + -1 + -22 + 15?
-5
(-6 + 3 - 5) + 5
-3
What is 0 - (2 + -3) - -3?
4
Calculate 3 + (-1 - (0 + 1)).
1
What is the value of 2 + -4 + (-2 - (2 + -6))?
0
78 - 77 - (-1 + 0)
2
Calculate 7 + -3 + -4 + 3.
3
What is -1 + (3 - 2) + 2?
2
(-6 - (1 - -7)) + 7
-7
Evaluate -3 + 0 + (-9 - -12) - -5.
5
What is -15 - (7 + -11) - -3?
-8
Calculate (-6 - (-6 - 3)) + -1 + 2.
4
Calculate 6 + (-2 - -3) - (6 - 3).
4
-3 - 1 - (3 - 6) - 2
-3
-14 - -14 - (-1 + -1)
2
What is 11 + (-13 - (7 + -10))?
1
Evaluate 2 + -3 - ((-2 - 0) + 1).
0
-5 + (-3 - -7) - -5
4
Evaluate (-2 - 1) + (-2 - 2 - -9).
2
Evaluate (-2 - -2) + 1 - 4.
-3
What is (0 + -5 - -1) + -18 + 15?
-7
What is -9 - (7 - 21) - (5 - -1)?
-1
What is 0 - (-3 - -7) - (0 - -2)?
-6
What is -3 - (-4 - (2 + -1)) - 5?
-3
4 + (-4 + (0 - -3) - 8)
-5
Evaluate 4 + (-11 - (8 - 16)) + 1.
2
Calculate 71 + -66 - (2 - 2).
5
Evaluate (10 - (1 + 5)) + -6 + -1.
-3
What is (-6 - -2) + (0 - -7)?
3
(-8 - -8 - 1) + 7
6
What is the value of 9 + 8 + (0 - 11)?
6
What is (-2 - 2) + (-22 - -30)?
4
What is -36 + 40 + 1 + -8?
-3
What is the value of 1 - (-4 - (0 + -4 - 0))?
1
What is 5 + 0 - (0 - 0)?
5
What is (6 - (-13 + 4)) + -15 + 8?
8
What is (11 - 9) + (-1 - -4)?
5
What is -8 + -4 + 6 + 3?
-3
What is 3 + 2 - (5 - (-4 - -7))?
3
8 + -4 + (-2 - 0)
2
What is (1 - -2) + -3 + -9?
-9
-5 - (9 - 5 - 0) - -5
-4
What is the value of -5 + (4 - 3) + 1?
-3
What is 3 - (-15 - (-15 + 7))?
10
Evaluate 3 - ((3 - (0 + 0)) + 1).
-1
What is the value of 1 - (3 + -4 + 7)?
-5
What is (2 - 0) + -24 + 20?
-2
What is 2 - 0 - (13 - 10)?
-1
Evaluate 11 - ((6 - -5) + 5).
-5
Calculate 5 - (-4 + 5) - (-1 + 0).
5
22 + -22 - (-9 + 2)
7
(-4 - (2 + (-2 - 0))) + 9
5
(-4 + (2 - -2) - -4) + 1
5
What is the value of (-5 - (-1 + 5)) + 2 + 1?
-6
7 + -3 + (3 - 2)
5
Calculate -1 - -8 - (-57 + 55).
9
3 - (11 - (0 - -4))
-4
What is -13 - (-13 + 1) - (2 + 0)?
-3
Calculate (-63 - -60) + (-1 - -4).
0
What is 4 + (-1 - 5 - (43 + -52))?
7
What is the value of -2 + 10 - 1 - 5 - 4?
-2
What is the value of -2 + -2 - (0 - 2)?
-2
Evaluate (-2 - (3 - 3)) + 5.
3
Evaluate -5 - (-12 + -1 - -8).
0
Calculate 1 - (1 - 0) - (-4 + 6).
-2
What is the value of (0 - (0 - 2)) + 9 + -10?
1
What is the value of 6 + 3 + (-7 - -2) + 6?
10
What is -1 + (-1 - (0 + -4))?
2
What is -4 + 0 + 4 + 1 - 6?
-5
What is the value of -3 + -3 + 4 - 0?
-2
Evaluate (5 - 3) + (4 - 8).
-2
Calculate 1 + 6 - ((0 - 0) + 3).
4
What is 0 + 0 + (-4 - -4) - -1?
1
22 + -17 - (11 + -4)
-2
What is the value of (-3 - -2) + (1 - -3)?
3
What is the value of (-5 - -3) + (18 - 15)?
1
Calculate (-5 - -12) + 0 + -3.
4
What is the value of (1 - (0 + 2)) + 0 + 5?
4
Calculate 32 - 23 - (0 + 6